{"id":385,"date":"2020-06-16T13:05:28","date_gmt":"2020-06-16T11:05:28","guid":{"rendered":"https:\/\/finlande.ifrancais.pp.smol.fr\/?page_id=385"},"modified":"2020-06-16T13:05:29","modified_gmt":"2020-06-16T11:05:29","slug":"mentions-legales","status":"publish","type":"page","link":"https:\/\/www.france.fi\/fr\/mentions-legales\/","title":{"rendered":"Mentions l\u00e9gales"},"content":{"rendered":"\n<p>R\u00e9alisation \u00e9ditoriale :<\/p>\n\n\n\n<p>Directrice de la publication : Ga\u00eblle&nbsp;HOURRIEZ-BOLATRE.<\/p>\n\n\n\n<p>H\u00e9bergement et diffusion :<\/p>\n\n\n\n<p>Nebula Oy<br>Heikkil\u00e4ntie 2<br>00210 Helsinki<\/p>\n\n\n\n<p>Droits de reproduction :<\/p>\n\n\n\n<p>Copie de pages de site : Toute copie de pages du site doit avoir obtenu l\u2019autorisation du directeur de la publication et mentionner le copyright de l\u2019Institut fran\u00e7ais de Finlande.<\/p>\n\n\n\n<p>Cr\u00e9ation de liens avec le site : Elle est libre. Nous vous demandons simplement d\u2019en pr\u00e9venir le r\u00e9dacteur en chef.<\/p>\n\n\n\n<p>Environnement technique :<\/p>\n\n\n\n<p>Le site contient de nombreux fichiers en format PDF (portable document format). Il faut disposer d\u2019Acrobat Reader pour pouvoir les consulter. Acrobat Reader est disponible sur le site d\u2019Adobe.<\/p>\n","protected":false},"excerpt":{"rendered":"<p>R\u00e9alisation \u00e9ditoriale : Directrice de la publication : Ga\u00eblle&nbsp;HOURRIEZ-BOLATRE. H\u00e9bergement et diffusion : Nebula OyHeikkil\u00e4ntie 200210 Helsinki Droits de reproduction : Copie de pages de site : Toute copie de pages du site doit avoir obtenu l\u2019autorisation du directeur de la publication et mentionner le copyright de l\u2019Institut fran\u00e7ais de Finlande. Cr\u00e9ation de liens avec [&hellip;]<\/p>\n","protected":false},"author":2,"featured_media":0,"parent":0,"menu_order":0,"comment_status":"closed","ping_status":"closed","template":"","meta":{"footnotes":""},"class_list":["post-385","page","type-page","status-publish","hentry","no-media"],"yoast_head":"<!-- This site is optimized with the Yoast SEO plugin v27.4 - https:\/\/yoast.com\/product\/yoast-seo-wordpress\/ -->\n<title>Mentions l\u00e9gales - Institut fran\u00e7ais<\/title>\n<meta name=\"robots\" content=\"index, follow, max-snippet:-1, max-image-preview:large, max-video-preview:-1\" \/>\n<link rel=\"canonical\" href=\"https:\/\/www.france.fi\/fr\/mentions-legales\/\" \/>\n<meta property=\"og:locale\" content=\"fr_FR\" \/>\n<meta property=\"og:type\" content=\"article\" \/>\n<meta property=\"og:title\" content=\"Mentions l\u00e9gales - Institut fran\u00e7ais\" \/>\n<meta property=\"og:description\" content=\"R\u00e9alisation \u00e9ditoriale : Directrice de la publication : Ga\u00eblle&nbsp;HOURRIEZ-BOLATRE. H\u00e9bergement et diffusion : Nebula OyHeikkil\u00e4ntie 200210 Helsinki Droits de reproduction : Copie de pages de site : Toute copie de pages du site doit avoir obtenu l\u2019autorisation du directeur de la publication et mentionner le copyright de l\u2019Institut fran\u00e7ais de Finlande. Cr\u00e9ation de liens avec [&hellip;]\" \/>\n<meta property=\"og:url\" content=\"https:\/\/www.france.fi\/fr\/mentions-legales\/\" \/>\n<meta property=\"og:site_name\" content=\"Institut fran\u00e7ais\" \/>\n<meta property=\"article:publisher\" content=\"https:\/\/www.facebook.com\/institutfrancaisfi\" \/>\n<meta property=\"article:modified_time\" content=\"2020-06-16T11:05:29+00:00\" \/>\n<meta name=\"twitter:card\" content=\"summary_large_image\" \/>\n<meta name=\"twitter:site\" content=\"@IFFinlande\" \/>\n<meta name=\"twitter:label1\" content=\"Dur\u00e9e de lecture estim\u00e9e\" \/>\n\t<meta name=\"twitter:data1\" content=\"1 minute\" \/>\n<script type=\"application\/ld+json\" class=\"yoast-schema-graph\">{\"@context\":\"https:\\\/\\\/schema.org\",\"@graph\":[{\"@type\":\"WebPage\",\"@id\":\"https:\\\/\\\/www.france.fi\\\/fr\\\/mentions-legales\\\/\",\"url\":\"https:\\\/\\\/www.france.fi\\\/fr\\\/mentions-legales\\\/\",\"name\":\"Mentions l\u00e9gales - Institut fran\u00e7ais\",\"isPartOf\":{\"@id\":\"https:\\\/\\\/www.france.fi\\\/#website\"},\"datePublished\":\"2020-06-16T11:05:28+00:00\",\"dateModified\":\"2020-06-16T11:05:29+00:00\",\"breadcrumb\":{\"@id\":\"https:\\\/\\\/www.france.fi\\\/fr\\\/mentions-legales\\\/#breadcrumb\"},\"inLanguage\":\"fr-FR\",\"potentialAction\":[{\"@type\":\"ReadAction\",\"target\":[\"https:\\\/\\\/www.france.fi\\\/fr\\\/mentions-legales\\\/\"]}]},{\"@type\":\"BreadcrumbList\",\"@id\":\"https:\\\/\\\/www.france.fi\\\/fr\\\/mentions-legales\\\/#breadcrumb\",\"itemListElement\":[{\"@type\":\"ListItem\",\"position\":1,\"name\":\"Home\",\"item\":\"https:\\\/\\\/www.france.fi\\\/fr\\\/\"},{\"@type\":\"ListItem\",\"position\":2,\"name\":\"Mentions l\u00e9gales\"}]},{\"@type\":\"WebSite\",\"@id\":\"https:\\\/\\\/www.france.fi\\\/#website\",\"url\":\"https:\\\/\\\/www.france.fi\\\/\",\"name\":\"Institut fran\u00e7ais de Finlande\",\"description\":\"\",\"publisher\":{\"@id\":\"https:\\\/\\\/www.france.fi\\\/#organization\"},\"potentialAction\":[{\"@type\":\"SearchAction\",\"target\":{\"@type\":\"EntryPoint\",\"urlTemplate\":\"https:\\\/\\\/www.france.fi\\\/?s={search_term_string}\"},\"query-input\":{\"@type\":\"PropertyValueSpecification\",\"valueRequired\":true,\"valueName\":\"search_term_string\"}}],\"inLanguage\":\"fr-FR\"},{\"@type\":\"Organization\",\"@id\":\"https:\\\/\\\/www.france.fi\\\/#organization\",\"name\":\"Institut fran\u00e7ais de Finlande\",\"url\":\"https:\\\/\\\/www.france.fi\\\/\",\"logo\":{\"@type\":\"ImageObject\",\"inLanguage\":\"fr-FR\",\"@id\":\"https:\\\/\\\/www.france.fi\\\/#\\\/schema\\\/logo\\\/image\\\/\",\"url\":\"https:\\\/\\\/www.france.fi\\\/wp-content\\\/uploads\\\/2024\\\/02\\\/if-logo-1.png\",\"contentUrl\":\"https:\\\/\\\/www.france.fi\\\/wp-content\\\/uploads\\\/2024\\\/02\\\/if-logo-1.png\",\"width\":687,\"height\":459,\"caption\":\"Institut fran\u00e7ais de Finlande\"},\"image\":{\"@id\":\"https:\\\/\\\/www.france.fi\\\/#\\\/schema\\\/logo\\\/image\\\/\"},\"sameAs\":[\"https:\\\/\\\/www.facebook.com\\\/institutfrancaisfi\",\"https:\\\/\\\/x.com\\\/IFFinlande\",\"https:\\\/\\\/www.instagram.com\\\/iffinlande\\\/\",\"https:\\\/\\\/fr.linkedin.com\\\/organization-guest\\\/company\\\/institut-fran-ais-de-finlande\",\"https:\\\/\\\/www.youtube.com\\\/channel\\\/UCHAitdpmSbeP78eL49XMotA\"]}]}<\/script>\n<!-- \/ Yoast SEO plugin. -->","yoast_head_json":{"title":"Mentions l\u00e9gales - Institut fran\u00e7ais","robots":{"index":"index","follow":"follow","max-snippet":"max-snippet:-1","max-image-preview":"max-image-preview:large","max-video-preview":"max-video-preview:-1"},"canonical":"https:\/\/www.france.fi\/fr\/mentions-legales\/","og_locale":"fr_FR","og_type":"article","og_title":"Mentions l\u00e9gales - Institut fran\u00e7ais","og_description":"R\u00e9alisation \u00e9ditoriale : Directrice de la publication : Ga\u00eblle&nbsp;HOURRIEZ-BOLATRE. H\u00e9bergement et diffusion : Nebula OyHeikkil\u00e4ntie 200210 Helsinki Droits de reproduction : Copie de pages de site : Toute copie de pages du site doit avoir obtenu l\u2019autorisation du directeur de la publication et mentionner le copyright de l\u2019Institut fran\u00e7ais de Finlande. Cr\u00e9ation de liens avec [&hellip;]","og_url":"https:\/\/www.france.fi\/fr\/mentions-legales\/","og_site_name":"Institut fran\u00e7ais","article_publisher":"https:\/\/www.facebook.com\/institutfrancaisfi","article_modified_time":"2020-06-16T11:05:29+00:00","twitter_card":"summary_large_image","twitter_site":"@IFFinlande","twitter_misc":{"Dur\u00e9e de lecture estim\u00e9e":"1 minute"},"schema":{"@context":"https:\/\/schema.org","@graph":[{"@type":"WebPage","@id":"https:\/\/www.france.fi\/fr\/mentions-legales\/","url":"https:\/\/www.france.fi\/fr\/mentions-legales\/","name":"Mentions l\u00e9gales - Institut fran\u00e7ais","isPartOf":{"@id":"https:\/\/www.france.fi\/#website"},"datePublished":"2020-06-16T11:05:28+00:00","dateModified":"2020-06-16T11:05:29+00:00","breadcrumb":{"@id":"https:\/\/www.france.fi\/fr\/mentions-legales\/#breadcrumb"},"inLanguage":"fr-FR","potentialAction":[{"@type":"ReadAction","target":["https:\/\/www.france.fi\/fr\/mentions-legales\/"]}]},{"@type":"BreadcrumbList","@id":"https:\/\/www.france.fi\/fr\/mentions-legales\/#breadcrumb","itemListElement":[{"@type":"ListItem","position":1,"name":"Home","item":"https:\/\/www.france.fi\/fr\/"},{"@type":"ListItem","position":2,"name":"Mentions l\u00e9gales"}]},{"@type":"WebSite","@id":"https:\/\/www.france.fi\/#website","url":"https:\/\/www.france.fi\/","name":"Institut fran\u00e7ais de Finlande","description":"","publisher":{"@id":"https:\/\/www.france.fi\/#organization"},"potentialAction":[{"@type":"SearchAction","target":{"@type":"EntryPoint","urlTemplate":"https:\/\/www.france.fi\/?s={search_term_string}"},"query-input":{"@type":"PropertyValueSpecification","valueRequired":true,"valueName":"search_term_string"}}],"inLanguage":"fr-FR"},{"@type":"Organization","@id":"https:\/\/www.france.fi\/#organization","name":"Institut fran\u00e7ais de Finlande","url":"https:\/\/www.france.fi\/","logo":{"@type":"ImageObject","inLanguage":"fr-FR","@id":"https:\/\/www.france.fi\/#\/schema\/logo\/image\/","url":"https:\/\/www.france.fi\/wp-content\/uploads\/2024\/02\/if-logo-1.png","contentUrl":"https:\/\/www.france.fi\/wp-content\/uploads\/2024\/02\/if-logo-1.png","width":687,"height":459,"caption":"Institut fran\u00e7ais de Finlande"},"image":{"@id":"https:\/\/www.france.fi\/#\/schema\/logo\/image\/"},"sameAs":["https:\/\/www.facebook.com\/institutfrancaisfi","https:\/\/x.com\/IFFinlande","https:\/\/www.instagram.com\/iffinlande\/","https:\/\/fr.linkedin.com\/organization-guest\/company\/institut-fran-ais-de-finlande","https:\/\/www.youtube.com\/channel\/UCHAitdpmSbeP78eL49XMotA"]}]}},"_links":{"self":[{"href":"https:\/\/www.france.fi\/fr\/wp-json\/wp\/v2\/pages\/385","targetHints":{"allow":["GET"]}}],"collection":[{"href":"https:\/\/www.france.fi\/fr\/wp-json\/wp\/v2\/pages"}],"about":[{"href":"https:\/\/www.france.fi\/fr\/wp-json\/wp\/v2\/types\/page"}],"author":[{"embeddable":true,"href":"https:\/\/www.france.fi\/fr\/wp-json\/wp\/v2\/users\/2"}],"replies":[{"embeddable":true,"href":"https:\/\/www.france.fi\/fr\/wp-json\/wp\/v2\/comments?post=385"}],"version-history":[{"count":0,"href":"https:\/\/www.france.fi\/fr\/wp-json\/wp\/v2\/pages\/385\/revisions"}],"wp:attachment":[{"href":"https:\/\/www.france.fi\/fr\/wp-json\/wp\/v2\/media?parent=385"}],"curies":[{"name":"wp","href":"https:\/\/api.w.org\/{rel}","templated":true}]}}

Mentions légales

<p>Réalisation éditoriale :</p>



<p>Directrice de la publication : Gaëlle&nbsp;HOURRIEZ-BOLATRE.</p>



<p>Hébergement et diffusion :</p>



<p>Nebula Oy<br>Heikkiläntie 2<br>00210 Helsinki</p>



<p>Droits de reproduction :</p>



<p>Copie de pages de site : Toute copie de pages du site doit avoir obtenu l’autorisation du directeur de la publication et mentionner le copyright de l’Institut français de Finlande.</p>



<p>Création de liens avec le site : Elle est libre. Nous vous demandons simplement d’en prévenir le rédacteur en chef.</p>



<p>Environnement technique :</p>



<p>Le site contient de nombreux fichiers en format PDF (portable document format). Il faut disposer d’Acrobat Reader pour pouvoir les consulter. Acrobat Reader est disponible sur le site d’Adobe.</p>

<p>Réalisation éditoriale : Directrice de la publication : Gaëlle&nbsp;HOURRIEZ-BOLATRE. Hébergement et diffusion : Nebula OyHeikkiläntie 200210 Helsinki Droits de reproduction : Copie de pages de site : Toute copie de pages du site doit avoir obtenu l’autorisation du directeur de la publication et mentionner le copyright de l’Institut français de Finlande. Création de liens avec [&hellip;]</p>

<!-- This site is optimized with the Yoast SEO plugin v27.4 - https://yoast.com/product/yoast-seo-wordpress/ -->
<title>Mentions légales - Institut français</title>
<meta name="robots" content="index, follow, max-snippet:-1, max-image-preview:large, max-video-preview:-1" />
<link rel="canonical" href="https://www.france.fi/fr/mentions-legales/" />
<meta property="og:locale" content="fr_FR" />
<meta property="og:type" content="article" />
<meta property="og:title" content="Mentions légales - Institut français" />
<meta property="og:description" content="Réalisation éditoriale : Directrice de la publication : Gaëlle&nbsp;HOURRIEZ-BOLATRE. Hébergement et diffusion : Nebula OyHeikkiläntie 200210 Helsinki Droits de reproduction : Copie de pages de site : Toute copie de pages du site doit avoir obtenu l’autorisation du directeur de la publication et mentionner le copyright de l’Institut français de Finlande. Création de liens avec [&hellip;]" />
<meta property="og:url" content="https://www.france.fi/fr/mentions-legales/" />
<meta property="og:site_name" content="Institut français" />
<meta property="article:publisher" content="https://www.facebook.com/institutfrancaisfi" />
<meta property="article:modified_time" content="2020-06-16T11:05:29+00:00" />
<meta name="twitter:card" content="summary_large_image" />
<meta name="twitter:site" content="@IFFinlande" />
<meta name="twitter:label1" content="Durée de lecture estimée" />
	<meta name="twitter:data1" content="1 minute" />
<script type="application/ld+json" class="yoast-schema-graph">{"@context":"https:\/\/schema.org","@graph":[{"@type":"WebPage","@id":"https:\/\/www.france.fi\/fr\/mentions-legales\/","url":"https:\/\/www.france.fi\/fr\/mentions-legales\/","name":"Mentions légales - Institut français","isPartOf":{"@id":"https:\/\/www.france.fi\/#website"},"datePublished":"2020-06-16T11:05:28+00:00","dateModified":"2020-06-16T11:05:29+00:00","breadcrumb":{"@id":"https:\/\/www.france.fi\/fr\/mentions-legales\/#breadcrumb"},"inLanguage":"fr-FR","potentialAction":[{"@type":"ReadAction","target":["https:\/\/www.france.fi\/fr\/mentions-legales\/"]}]},{"@type":"BreadcrumbList","@id":"https:\/\/www.france.fi\/fr\/mentions-legales\/#breadcrumb","itemListElement":[{"@type":"ListItem","position":1,"name":"Home","item":"https:\/\/www.france.fi\/fr\/"},{"@type":"ListItem","position":2,"name":"Mentions légales"}]},{"@type":"WebSite","@id":"https:\/\/www.france.fi\/#website","url":"https:\/\/www.france.fi\/","name":"Institut français de Finlande","description":"","publisher":{"@id":"https:\/\/www.france.fi\/#organization"},"potentialAction":[{"@type":"SearchAction","target":{"@type":"EntryPoint","urlTemplate":"https:\/\/www.france.fi\/?s={search_term_string}"},"query-input":{"@type":"PropertyValueSpecification","valueRequired":true,"valueName":"search_term_string"}}],"inLanguage":"fr-FR"},{"@type":"Organization","@id":"https:\/\/www.france.fi\/#organization","name":"Institut français de Finlande","url":"https:\/\/www.france.fi\/","logo":{"@type":"ImageObject","inLanguage":"fr-FR","@id":"https:\/\/www.france.fi\/#\/schema\/logo\/image\/","url":"https:\/\/www.france.fi\/wp-content\/uploads\/2024\/02\/if-logo-1.png","contentUrl":"https:\/\/www.france.fi\/wp-content\/uploads\/2024\/02\/if-logo-1.png","width":687,"height":459,"caption":"Institut français de Finlande"},"image":{"@id":"https:\/\/www.france.fi\/#\/schema\/logo\/image\/"},"sameAs":["https:\/\/www.facebook.com\/institutfrancaisfi","https:\/\/x.com\/IFFinlande","https:\/\/www.instagram.com\/iffinlande\/","https:\/\/fr.linkedin.com\/organization-guest\/company\/institut-fran-ais-de-finlande","https:\/\/www.youtube.com\/channel\/UCHAitdpmSbeP78eL49XMotA"]}]}</script>
<!-- / Yoast SEO plugin. -->

Mentions légales - Institut français

Réalisation éditoriale : Directrice de la publication : Gaëlle&nbsp;HOURRIEZ-BOLATRE. Hébergement et diffusion : Nebula OyHeikkiläntie 200210 Helsinki Droits de reproduction : Copie de pages de site : Toute copie de pages du site doit avoir obtenu l’autorisation du directeur de la publication et mentionner le copyright de l’Institut français de Finlande. Création de liens avec [&hellip;]

Institut français

Institut français de Finlande
